0?
0
What is the tens digit of 1402?
0
What is the hundreds digit of 2127?
1
What is the thousands digit of 1054?
1
What is the hundreds digit of 784?
7
What is the tens digit of 4589?
8
What is the thousands digit of 7547?
7
What is the hundreds digit of 7102?
1
What is the thousands digit of 7606?
7
What is the hundreds digit of 5833?
8
What is the tens digit of 800?
0
What is the hundreds digit of 1064?
0
What is the units digit of 630?
0
What is the tens digit of 10756?
5
What is the hundreds digit of 287?
2
What is the thousands digit of 10522?
0
What is the tens digit of 28904?
0
What is the hundreds digit of 1340?
3
What is the tens digit of 2271?
7
What is the tens digit of 2486?
8
What is the thousands digit of 60296?
0
What is the hundred thousands digit of 114150?
1
What is the tens digit of 5214?
1
What is the units digit of 7615?
5
What is the tens digit of 2216?
1
What is the units digit of 180?
0
What is the units digit of 590?
0
What is the thousands digit of 6602?
6
What is the tens digit of 502?
0
What is the units digit of 11566?
6
What is the thousands digit of 9155?
9
What is the hundreds digit of 8711?
7
What is the hundreds digit of 35567?
5
What is the thousands digit of 4796?
4
What is the tens digit of 7600?
0
What is the hundreds digit of 16699?
6
What is the thousands digit of 6938?
6
What is the tens digit of 2607?
0
What is the units digit of 255?
5
What is the tens digit of 130444?
4
What is the thousands digit of 42232?
2
What is the units digit of 5856?
6
What is the units digit of 5120?
0
What is the hundreds digit of 80074?
0
What is the hundreds digit of 76930?
9
What is the ten thousands digit of 55779?
5
What is the hundreds digit of 2540?
5
What is the ten thousands digit of 36951?
3
What is the units digit of 806?
6
What is the hundreds digit of 2611?
6
What is the hundreds digit of 74388?
3
What is the hundreds digit of 285?
2
What is the tens digit of 29?
2
What is the tens digit of 2358?
5
What is the hundreds digit of 7061?
0
What is the hundreds digit of 8405?
4
What is the thousands digit of 29850?
9
What is the tens digit of 27?
2
What is the tens digit of 615?
1
What is the units digit of 1238?
8
What is the units digit of 9537?
7
What is the hundreds digit of 1734?
7
What is the units digit of 23678?
8
What is the tens digit of 7914?
1
What is the tens digit of 1597?
9
What is the units digit of 63?
3
What is the tens digit of 6172?
7
What is the hundreds digit of 7913?
9
What is the tens digit of 380?
8
What is the tens digit of 3820?
2
What is the units digit of 6895?
5
What is the tens digit of 53?
5
What is the hundreds digit of 5436?
4
What is the hundreds digit of 214?
2
What is the tens digit of 1840?
4
What is the units digit of 79?
9
What is the tens digit of 9984?
8
What is the thousands digit of 26161?
6
What is the thousands digit of 19212?
9
What is the hundreds digit of 2991?
9
What is the hundreds digit of 661?
6
What is the thousands digit of 16086?
6
What is the tens digit of 81461?
6
What is the thousands digit of 52635?
2
What is the hundreds digit of 24295?
2
What is the thousands digit of 14403?
4
What is the tens digit of 506?
0
What is the units digit of 315?
5
What is the units digit of 2031?
1
What is the thousands digit of 26538?
6
What is the thousands digit of 52614?
2
What is the tens digit of 3905?
0
What is the units digit of 11113?
3
What is the units digit of 7460?
0
What is the hundred thousands digit of 152209?
1
What is the hundreds digit of 4093?
0
What is the hundreds digit of 1058?
0
What is the units digit of 49693?
3
What is the thousands digit of 30764?
0
What is the tens digit of 208?
0
What is the units digit of 11317?
7
What is the units digit of 1346?
6
What is the hundreds digit of 36806?
8
What is the thousands digit of 3088?
3
What is the hundreds digit of 63106?
1
What is the units digit of 19372?
2
What is the thousands digit of 1243?
1
What is the tens digit of 2067?
6
What is the hundreds digit of 95196?
1
What is the hundreds digit of 88644?
6
What is the hundreds digit of 4342?
3
What is the tens digit of 1264?
6
What is the tens digit of 27280?
8
What is the units digit of 61975?
5
What is the units digit of 886?
6
What is the tens digit of 205?
0
What is the units digit of 3859?
9
What is the units digit of 29562?
2
What is the units digit of 3313?
3
What is the ten thousands digit of 20456?
2
What is the tens digit of 29051?
5
What is the units digit of 56861?
1
What is the tens digit of 6311?
1
What is the units digit of 163?
3
What is the units digit of 473?
3
What is the units digit of 743?
3
What is the units digit of 89?
9
What is the tens digit of 395?
9
What is the ten thousands digit of 12029?
1
What is the thousands digit of 53338?
3
What is the hundreds digit of 4074?
0
What is the units digit of 8284?
4
What is the hundreds digit of 103?
1
What is the tens digit of 1335?
3
What is the hundreds digit of 1875?
8
What is the ten thousands digit of 21323?
2
What is the units digit of 1827?
7
What is the thousands digit of 4721?
4
What is the units digit of 2024?
4
What is the units digit of 339?
9
What is the tens digit of 45345?
4
What is the tens digit of 947?
4
What is the hundreds digit of 520?
5
What is the hundreds digit of 113120?
1
What is the tens digit of 3184?
8
What is the thousands digit of 7152?
7
What is the hundreds digit of 7357?
3
What is the hundreds digit of 527?
5
What is the tens digit of 210?
1
What is the thousands digit of 2036?
2
What is the ten thousands digit of 96690?
9
What is the units digit of 16822?
2
What is the units digit of 1183?
3
What is the thousands digit of 5395?
5
What is the tens digit of 916?
1
What is the tens digit of 184?
8
What is the units digit of 166595?
5
What is the hundreds digit of 830?
8
What is the thousands digit of 1242?
1
What is the thousands digit of 1646?
1
What is the hundreds digit of 5431?
4
What is the thousands digit of 10921?
0
What is the units digit of 1086?
6
What is the tens digit of 60086?
8
What is the thousands digit of 1077?
1
What is the tens digit of 11?
1
What is the tens digit of 13326?
2
What is the thousands digit of 34971?
4
What is the hundreds digit of 220?
2
What is the units digit of 591?
1
What is the hundreds digit of 4869?
8
What is the tens digit of 6193?
9
What is the thousands digit of 8392?
8
What is the units digit of 5824?
4
What is the hundreds digit of 12207?
2
What is the tens digit of 2712?
1
What is the hundreds digit of 21569?
5
What is the thousands digit of 1223?
1
What is the tens digit of 5104?
0
What is the tens digit of 80021?
2
What is the ten thousands digit of 11980?
1
What is the units digit of 418?
8
What is the units digit of 49279?
9
What is the tens digit of 85419?
1
What is the units digit of 20564?
4
What is the tens digit of 4439?
3
What is the tens digit of 22336?
3
What is the tens digit of 1622?
2
What is the hundreds digit of 2911?
9
What is the tens digit of 2705?
0
What is the hundred thousands digit of 113789?
1
What is the units digit of 2031?
1
What is the tens digit of 5715?
1
What is the hundreds digit of 1708?
7
What is the tens digit of 602?
0
What is the thousands digit of 6892?
6
What is the tens digit of 44701?
0
What is the hundreds digit of 1038?
0
What is the tens digit of 3721?
2
What is the units digit of 1100?
0
What is the thousands digit of 27923?
7
What is the hundreds digit of 30543?
5
What is the thousands digit of 40305?
0
What is the units digit of 5066?
6
What is the hundreds digit of 110360?
3
What is the hundreds digit of 2416?
4
What is the tens digit of 1146?
4
What is the tens digit of 972?
7
What is the tens digit of 215?
1
What is the tens digit of 929?
2
What is the hundreds digit of 66321?
3
What is the thousands digit of 2408?
2
What is the hundreds digit of 13101?
1
What is the units digit of 118?
8
What is the thousands digit of 1421?
1
What is the hundreds digit of 918?
9
What is the hundreds digit of 49797?
7
What is the ten thousands digit of 64572?
6
What is the tens digit of 34774?
7
What is the units digit of 148721?
1
What is the units digit of 2618?
8
What is the hundreds digit of 1132?
1
What is the tens digit of 80?
8
What is the units digit of 880?
0
What 